at is the highest common divisor of 3974908 and 7?
7
What is the greatest common divisor of 702 and 1206?
18
Calculate the highest common factor of 4154 and 31744.
62
What is the greatest common divisor of 2717730 and 90?
90
What is the highest common factor of 475343 and 11?
11
What is the greatest common divisor of 4475 and 125?
25
What is the greatest common factor of 6364 and 989?
43
What is the greatest common divisor of 1206 and 2646?
18
Calculate the highest common divisor of 1909 and 139025.
83
Calculate the highest common factor of 2018 and 8.
2
What is the greatest common divisor of 149739 and 1406?
703
Calculate the greatest common factor of 5423 and 25993.
187
Calculate the greatest common divisor of 60 and 287415.
15
What is the greatest common factor of 963820 and 6435?
715
Calculate the greatest common divisor of 34804 and 14012.
452
Calculate the greatest common divisor of 2238 and 119733.
1119
What is the highest common factor of 9538 and 114?
38
What is the highest common divisor of 1419 and 187?
11
What is the highest common factor of 76 and 61921?
19
Calculate the highest common divisor of 62 and 320695.
31
What is the greatest common factor of 8043 and 1953?
21
What is the greatest common factor of 9690 and 135?
15
What is the greatest common divisor of 23565 and 105?
15
Calculate the highest common factor of 44 and 286328.
4
Calculate the highest common factor of 1176 and 74109.
21
Calculate the greatest common factor of 392 and 224.
56
Calculate the greatest common divisor of 134 and 178220.
134
Calculate the highest common factor of 14958 and 6012.
18
Calculate the greatest common factor of 4660 and 7456.
932
Calculate the greatest common factor of 418 and 465481.
19
What is the greatest common factor of 8046 and 24?
6
Calculate the greatest common divisor of 28497 and 943.
23
Calculate the greatest common factor of 8077 and 41173.
197
What is the greatest common factor of 131211 and 693?
9
What is the greatest common divisor of 8256 and 13588?
172
Calculate the highest common divisor of 19038 and 3674.
334
What is the greatest common divisor of 34683 and 64111?
1051
What is the greatest common factor of 72 and 54018?
18
Calculate the greatest common divisor of 1295 and 74.
37
Calculate the greatest common divisor of 1960 and 24794.
98
Calculate the greatest common divisor of 144 and 74652.
12
Calculate the greatest common divisor of 3232 and 153722.
202
Calculate the highest common factor of 34296 and 856.
8
Calculate the greatest common factor of 1660 and 1195.
5
What is the greatest common divisor of 256500 and 594?
54
What is the greatest common divisor of 33849 and 267?
3
Calculate the greatest common divisor of 26602 and 4888.
94
Calculate the greatest common divisor of 36 and 2433420.
36
What is the highest common factor of 184475 and 157?
157
What is the greatest common divisor of 129 and 16573017?
129
Calculate the greatest common factor of 17664 and 160.
32
What is the greatest common factor of 2224 and 29746?
278
What is the greatest common factor of 62 and 901046?
62
Calculate the highest common divisor of 680022 and 14.
14
What is the highest common factor of 31773 and 2499?
357
Calculate the greatest common divisor of 722 and 76.
38
Calculate the highest common divisor of 240 and 33010.
10
Calculate the highest common factor of 371488 and 16.
16
Calculate the highest common factor of 8740 and 276.
92
Calculate the greatest common divisor of 3138 and 468.
6
Calculate the highest common divisor of 12028 and 372.
124
Calculate the highest common divisor of 246261 and 344.
43
What is the greatest common divisor of 8866 and 20553?
403
What is the highest common factor of 1275 and 135?
15
Calculate the greatest common factor of 2205 and 1665.
45
Calculate the greatest common factor of 12 and 2404.
4
What is the greatest common factor of 30777 and 3?
3
What is the highest common factor of 784 and 5341?
49
What is the highest common divisor of 735 and 33320?
245
What is the greatest common factor of 2 and 153632?
2
What is the greatest common divisor of 85 and 7361?
17
What is the highest common factor of 43944 and 96?
24
What is the highest common factor of 13570 and 90?
10
What is the greatest common factor of 747 and 1495992?
249
What is the greatest common factor of 145 and 2172970?
145
Calculate the highest common factor of 10218 and 546.
78
What is the greatest common factor of 324 and 1860084?
324
Calculate the greatest common divisor of 3725624 and 112.
56
What is the highest common factor of 70 and 425138?
14
What is the greatest common divisor of 51898 and 44?
22
Calculate the greatest common factor of 749 and 81106.
107
What is the greatest common divisor of 612 and 45679?
17
What is the highest common factor of 44923 and 9953?
269
Calculate the greatest common factor of 269306 and 722.
722
Calculate the greatest common factor of 6532272 and 432.
432
Calculate the greatest common divisor of 412 and 72203.
103
What is the greatest common factor of 8052996 and 21?
21
Calculate the greatest common factor of 3164 and 1142995.
791
Calculate the highest common divisor of 31399 and 153.
17
Calculate the greatest common factor of 299 and 4775927.
299
What is the highest common divisor of 1916 and 42631?
479
What is the greatest common factor of 2872 and 8424?
8
What is the greatest common divisor of 14 and 329777?
7
What is the highest common divisor of 681 and 522?
3
What is the greatest common divisor of 210701 and 94?
47
Calculate the greatest common divisor of 2398 and 39842.
22
Calculate the highest common factor of 275258 and 3206.
458
What is the highest common divisor of 121 and 206723?
11
What is the greatest common factor of 405212 and 472?
236
What is the greatest common factor of 174 and 20106?
6
Calculate the highest common divisor of 1322975 and 50.
25
Calculate the highest common divisor of 36 and 263718.
18
Calculate the greatest common divisor of 90 and 650190.
30
What is the greatest common divisor of 32574 and 4094?
178
What is the highest common divisor of 165 and 740295?
15
Calculate the greatest common factor of 61579 and 2778.
463
Calculate the highest common factor of 589 and 2604.
31
Calculate the greatest common divisor of 1610676 and 36.
36
Calculate the highest common divisor of 1138 and 467149.
569
What is the highest common factor of 155 and 33443885?
155
Calculate the greatest common divisor of 67484 and 8.
4
What is the highest common factor of 503040 and 80?
80
What is the greatest common divisor of 2562 and 2583?
21
What is the highest common factor of 1641606 and 6?
6
What is the highest common factor of 44355 and 705?
15
What is the greatest common factor of 4462 and 162766?
194
Calculate the highest common factor of 1160 and 265408.
232
Calculate the greatest common factor of 215 and 1208171.
43
What is the highest common factor of 1032 and 1344?
24
What is the highest common divisor of 144140 and 190?
10
Calculate the greatest common divisor of 1480 and 3160.
40
Calculate the highest common factor of 9643 and 1.
1
Calculate the greatest common factor of 54817 and 13202.
287
What is the greatest common factor of 489 and 1811256?
489
What is the greatest common factor of 25 and 35825?
25
Calculate the highest common divisor of 672 and 289632.
672
Calculate the greatest common divisor of 2898044 and 492.
164
Calculate the highest common factor of 46299 and 77.
11
What is the highest common factor of 492 and 236604?
12
Calculate the greatest common factor of 4487185 and 115.
115
Calculate the highest common factor of 4752 and 4917.
33
Calculate the greatest common factor of 12344 and 408.
8
What is the highest common divisor of 7992 and 14504?
296
What is the greatest common factor of 500 and 625375?
125
Calculate the greatest common factor of 27504 and 252.
36
What is the highest common factor of 270322 and 624?
26
Calculate the greatest common factor of 437128 and 56.
8
Calculate the greatest common factor of 75 and 9325.
25
What is the greatest common factor of 4395 and 580433?
293
What is the highest common factor of 15 and 117185?
5
Calculate the greatest common divisor of 348 and 3461034.
174
What is the highest common factor of 317418 and 6?
6
Calculate the highest 